ivided by 163?
121
What is the remainder when 14014 is divided by 33?
22
Calculate the remainder when 214376 is divided by 153.
23
Calculate the remainder when 1139998 is divided by 750.
748
Calculate the remainder when 23926 is divided by 724.
34
Calculate the remainder when 134 is divided by 102.
32
Calculate the remainder when 8661 is divided by 74.
3
Calculate the remainder when 18075 is divided by 1504.
27
What is the remainder when 1258 is divided by 426?
406
What is the remainder when 113362 is divided by 367?
326
Calculate the remainder when 273453 is divided by 20.
13
Calculate the remainder when 963192 is divided by 80.
72
What is the remainder when 243680 is divided by 1?
0
What is the remainder when 8226 is divided by 4084?
58
Calculate the remainder when 128465 is divided by 32113.
13
Calculate the remainder when 24172 is divided by 1342.
16
Calculate the remainder when 732 is divided by 723.
9
What is the remainder when 44168 is divided by 43?
7
What is the remainder when 71328 is divided by 615?
603
Calculate the remainder when 2531 is divided by 606.
107
Calculate the remainder when 3304 is divided by 99.
37
What is the remainder when 255562 is divided by 93?
91
What is the remainder when 67562 is divided by 16889?
6
Calculate the remainder when 469 is divided by 467.
2
Calculate the remainder when 5323 is divided by 61.
16
What is the remainder when 391190 is divided by 107?
105
What is the remainder when 80634 is divided by 64?
58
What is the remainder when 50623 is divided by 122?
115
What is the remainder when 15926 is divided by 5306?
8
What is the remainder when 45153 is divided by 15030?
63
Calculate the remainder when 80820 is divided by 80581.
239
What is the remainder when 7417 is divided by 46?
11
What is the remainder when 45953 is divided by 25?
3
What is the remainder when 22890 is divided by 1634?
14
What is the remainder when 2275 is divided by 360?
115
What is the remainder when 66307 is divided by 71?
64
Calculate the remainder when 72406 is divided by 48.
22
Calculate the remainder when 3658414 is divided by 199.
197
What is the remainder when 7831 is divided by 1321?
1226
Calculate the remainder when 334813 is divided by 51.
49
Calculate the remainder when 23947 is divided by 393.
367
What is the remainder when 886914 is divided by 26876?
6
Calculate the remainder when 1273803 is divided by 27.
24
Calculate the remainder when 9917 is divided by 3301.
14
Calculate the remainder when 91595 is divided by 121.
119
What is the remainder when 13644 is divided by 20?
4
What is the remainder when 4654 is divided by 1278?
820
What is the remainder when 5197 is divided by 660?
577
What is the remainder when 4238 is divided by 242?
124
Calculate the remainder when 8032 is divided by 2670.
22
Calculate the remainder when 271406 is divided by 40.
6
What is the remainder when 703 is divided by 45?
28
Calculate the remainder when 15518 is divided by 7744.
30
Calculate the remainder when 317 is divided by 8.
5
Calculate the remainder when 2029859 is divided by 12.
11
What is the remainder when 57078 is divided by 57066?
12
Calculate the remainder when 24201 is divided by 1738.
1607
What is the remainder when 81359 is divided by 48?
47
What is the remainder when 575085 is divided by 95844?
21
What is the remainder when 8620 is divided by 43?
20
Calculate the remainder when 19293 is divided by 169.
27
Calculate the remainder when 36365 is divided by 87.
86
Calculate the remainder when 441 is divided by 207.
27
Calculate the remainder when 15507 is divided by 648.
603
What is the remainder when 12861 is divided by 247?
17
What is the remainder when 9117 is divided by 8995?
122
What is the remainder when 288387 is divided by 57675?
12
What is the remainder when 38432 is divided by 557?
556
Calculate the remainder when 1641 is divided by 1022.
619
Calculate the remainder when 2845 is divided by 334.
173
Calculate the remainder when 1379398 is divided by 75.
73
What is the remainder when 377598 is divided by 8391?
3
Calculate the remainder when 2260529 is divided by 20.
9
What is the remainder when 15983 is divided by 133?
23
Calculate the remainder when 710397 is divided by 128.
125
What is the remainder when 30263 is divided by 4316?
51
Calculate the remainder when 392513 is divided by 13.
4
Calculate the remainder when 54065 is divided by 59.
21
Calculate the remainder when 2239 is divided by 526.
135
Calculate the remainder when 35845 is divided by 12.
1
What is the remainder when 7314 is divided by 1034?
76
Calculate the remainder when 6326 is divided by 2661.
1004
What is the remainder when 1723 is divided by 84?
43
Calculate the remainder when 253 is divided by 126.
1
What is the remainder when 1588967 is divided by 61114?
3
What is the remainder when 3671 is divided by 605?
41
Calculate the remainder when 98576 is divided by 3.
2
What is the remainder when 65749 is divided by 48?
37
What is the remainder when 20521 is divided by 31?
30
What is the remainder when 21545 is divided by 1136?
1097
Calculate the remainder when 891946 is divided by 445966.
14
What is the remainder when 2072 is divided by 1179?
893
Calculate the remainder when 47285 is divided by 106.
9
What is the remainder when 1674 is divided by 252?
162
What is the remainder when 273095 is divided by 20?
15
What is the remainder when 180233 is divided by 4?
1
Calculate the remainder when 1616 is divided by 649.
318
Calculate the remainder when 19891 is divided by 262.
241
Calculate the remainder when 8670 is divided by 29.
28
What is the remainder when 2759 is divided by 39?
29
What is the remainder when 29735 is divided by 236?
235
What is the remainder when 2937 is divided by 70?
67
What is the remainder when 6902 is divided by 6778?
124
Calculate the remainder when 9781 is divided by 23.
6
Calculate the remainder when 8334 is divided by 735.
249
What is the remainder when 145080 is divided by 389?
372
What is the remainder when 69684 is divided by 27?
24
What is the remainder when 26474 is divided by 8822?
8
What is the remainder when 3569 is divided by 1780?
9
Calculate the remainder when 160077 is divided by 3557.
12
What is the remainder when 440240 is divided by 88042?
30
What is the remainder when 1044 is divided by 46?
32
What is the remainder when 316467 is divided by 32?
19
Calculate the remainder when 659447 is divided by 93.
77
Calculate the remainder when 22036 is divided by 28.
0
What is the remainder when 15512076 is divided by 634?
632
Calculate the remainder when 2890 is divided by 633.
358
Calculate the remainder when 719 is divided by 364.
355
What is the remainder when 13512 is divided by 92?
80
What is the remainder when 6862 is divided by 3?
1
What is the remainder when 41142 is divided by 29?
20
What is the remainder when 33746 is divided by 97?
87
What is the remainder when 7090 is divided by 552?
466
Calculate the remainder when 13457 is divided by 299.
2
Calculate the remainder when 3555 is divided by 427.
139
Calculate the remainder when 16905 is divided by 95.
90
What is the remainder when 1519 is divided by 250?
19
What is the remainder when 44956 is divided by 71?
13
Calculate the remainder when 617 is divided by 133.
85
Calculate the remainder when 31079 is divided by 37.
36
Calculate the remainder when 8102 is divided by 2699.
5
What is the remainder when 5458 is divided by 454?
10
Calculate the remainder when 56415 is divided by 28205.
5
What is the remainder when 283762 is divided by 27?
19
Calculate the remainder when 6902 is divided by 1678.
190
Calculate the remainder when 1137058 is divided by 29.
26
Calculate the remainder when 7600 is divided by 173.
161
What is the remainder when 160552 is divided by 155?
127
What is the remainder when 6233968 is divided by 206?
202
What is the remainder when 3944 is divided by 117?
83
Calculate the remainder when 247765 is divided by 9174.
67
What is the remainder when 582746 is divided by 42?
38
What is the remainder when 14763 is divided by 10?
3
What is the remainder when 5606392 is divided by 235?
232
Calculate the remainder when 33232 is divided by 563.
15
Calculate the remainder when 250 is divided by 77.
19
Calculate the remainder when 217 is divided by 103.
11
Calculate 